at are the prime factors of 39417276?
2, 3, 103, 31891
What are the prime factors of 338371388?
2, 467, 181141
List the prime factors of 1550419829.
7, 71, 613, 727
List the prime factors of 74690645.
5, 14938129
List the prime factors of 3051175577.
6113, 499129
What are the prime factors of 5039825385?
3, 5, 7, 53, 905629
List the prime factors of 1062371441.
1062371441
List the prime factors of 99175544.
2, 13, 43, 67, 331
What are the prime factors of 5205564115?
5, 1041112823
What are the prime factors of 136575541?
23, 53, 181, 619
List the prime factors of 2216186.
2, 7, 311, 509
List the prime factors of 130689377.
7, 13, 1436147
List the prime factors of 61479411.
3, 7, 2927591
What are the prime factors of 50316256?
2, 19, 82757
What are the prime factors of 108412359?
3, 11, 83, 39581
What are the prime factors of 2628146204?
2, 61, 1033, 10427
What are the prime factors of 352621701?
3, 17, 29, 59, 449
What are the prime factors of 868371741?
3, 3229, 29881
What are the prime factors of 24832909?
24832909
What are the prime factors of 374186643?
3, 17, 307, 23899
What are the prime factors of 17768194?
2, 223, 39839
What are the prime factors of 99055989?
3, 233, 47237
What are the prime factors of 4021765683?
3, 13, 103122197
What are the prime factors of 57457254?
2, 3, 19, 504011
List the prime factors of 77222324.
2, 43, 67, 6701
List the prime factors of 52015731.
3, 443, 39139
What are the prime factors of 1330130218?
2, 17, 269, 145433
What are the prime factors of 117217228?
2, 131, 223697
What are the prime factors of 232941598?
2, 116470799
List the prime factors of 5168887725.
3, 5, 331, 208213
What are the prime factors of 313608024?
2, 3, 353, 457
List the prime factors of 2289862808.
2, 37, 7736023
What are the prime factors of 560229478?
2, 19, 67, 293, 751
List the prime factors of 104480378.
2, 37, 1411897
List the prime factors of 14424374.
2, 41, 53, 3319
What are the prime factors of 31948482?
2, 3, 5324747
What are the prime factors of 1173659000?
2, 5, 29, 40471
List the prime factors of 2861129061.
3, 7, 720869
List the prime factors of 168712060.
2, 5, 11, 766873
What are the prime factors of 567789527?
567789527
What are the prime factors of 43942132?
2, 13, 845041
List the prime factors of 1882324095.
3, 5, 313, 587, 683
What are the prime factors of 13752748?
2, 109, 31543
List the prime factors of 2126508041.
7, 139, 2185517
What are the prime factors of 311263075?
5, 12450523
List the prime factors of 216242570.
2, 5, 71, 151, 2017
List the prime factors of 2642099530.
2, 5, 7, 19, 1986541
List the prime factors of 539700470.
2, 5, 127, 424961
What are the prime factors of 691396635?
3, 5, 46093109
List the prime factors of 51998802.
2, 3, 1693, 5119
List the prime factors of 2056614972.
2, 3, 677, 253153
What are the prime factors of 85351798?
2, 7, 17, 71, 5051
List the prime factors of 437997682.
2, 218998841
What are the prime factors of 320611355?
5, 257, 249503
List the prime factors of 269123696.
2, 541, 31091
What are the prime factors of 101334583?
7, 14476369
What are the prime factors of 35380051?
7, 5054293
What are the prime factors of 22691730?
2, 3, 5, 37, 20443
List the prime factors of 1475874777.
3, 13, 47, 227, 3547
What are the prime factors of 409836941?
11447, 35803
What are the prime factors of 9029028?
2, 3, 19, 199
What are the prime factors of 92176648?
2, 107, 257, 419
What are the prime factors of 1035208263?
3, 2287, 150883
List the prime factors of 35272125.
3, 5, 7, 1493
What are the prime factors of 26054221?
1663, 15667
What are the prime factors of 151294888?
2, 18911861
What are the prime factors of 2853847257?
3, 20599, 46181
List the prime factors of 6695694220.
2, 5, 23, 103, 141319
List the prime factors of 973654532.
2, 17, 14318449
List the prime factors of 25055307.
3, 2783923
List the prime factors of 224719924.
2, 11, 13, 79, 4973
List the prime factors of 3184730618.
2, 1129, 1410421
What are the prime factors of 82703335?
5, 11, 13, 103, 1123
What are the prime factors of 71535577?
349, 204973
List the prime factors of 44186619.
3, 14728873
List the prime factors of 4448187338.
2, 7, 6833, 46499
List the prime factors of 357309828.
2, 3, 359, 27647
What are the prime factors of 23494234?
2, 29, 405073
What are the prime factors of 320693813?
11, 29153983
List the prime factors of 30872392.
2, 3859049
What are the prime factors of 143750895?
3, 5, 17, 577, 977
What are the prime factors of 7538019209?
7, 6637, 162251
What are the prime factors of 282851901?
3, 31427989
List the prime factors of 14570963.
11, 29, 45677
What are the prime factors of 397958975?
5, 277, 57467
List the prime factors of 228421533.
3, 23, 3310457
What are the prime factors of 602844583?
11, 54804053
What are the prime factors of 124067145?
3, 5, 353, 23431
List the prime factors of 190762256.
2, 173, 68917
List the prime factors of 33909358.
2, 7, 397, 6101
What are the prime factors of 270028672?
2, 199, 10601
List the prime factors of 1903372.
2, 113, 4211
List the prime factors of 73569519.
3, 59, 46183
What are the prime factors of 150629765?
5, 11, 13, 210671
What are the prime factors of 191263768?
2, 23, 1039477
List the prime factors of 366206944.
2, 11443967
List the prime factors of 260182651.
260182651
List the prime factors of 323085127.
323085127
List the prime factors of 12136457.
12136457
List the prime factors of 2160474272.
2, 11, 23, 59, 4523
What are the prime factors of 256513603?
5897, 43499
What are the prime factors of 208227749?
37, 5627777
List the prime factors of 86734962.
2, 3, 19, 31, 101
List the prime factors of 870376202.
2, 2417, 180053
What are the prime factors of 168979572?
2, 3, 619, 7583
What are the prime factors of 393717362?
2, 241, 816841
What are the prime factors of 181177623?
3, 11, 1830077
What are the prime factors of 15822858?
2, 3, 19, 138797
List the prime factors of 851297263.
851297263
List the prime factors of 268819066.
2, 134409533
What are the prime factors of 125517359?
11, 41, 211, 1319
List the prime factors of 2326066.
2, 1163033
List the prime factors of 1363770368.
2, 59, 22573
List the prime factors of 1521432305.
5, 41, 89, 83389
List the prime factors of 364668759.
3, 7, 13, 445261
What are the prime factors of 822089172?
2, 3, 1433, 47807
What are the prime factors of 128778432?
2, 3, 173, 3877
What are the prime factors of 33548246?
2, 1459, 11497
What are the prime factors of 1023781497?
3, 17, 23, 872789
What are the prime factors of 7080648?
2, 3, 31, 307
What are the prime factors of 530679135?
3, 5, 7, 5054087
What are the prime factors of 10172459?
11, 924769
What are the prime factors of 585506617?
18803, 31139
List the prime factors of 6140504450.
2, 5, 122810089
What are the prime factors of 134428461?
3, 44809487
List the prime factors of 3764209536.
2, 3, 269, 4049
What are the prime factors of 615188343?
3, 7, 11, 2663153
List the prime factors of 239064198.
2, 3, 827, 48179
What are the prime factors of 1174141001?
11, 7243, 14737
What are the prime factors of 95383206?
2, 3, 5299067
What are the prime factors of 952474788?
2, 3, 19, 154723
List the prime factors of 14375924.
2, 3593981
What are the prime factors of 430919728?
2, 109, 247087
List the prime factors of 4093575152.
2, 10883, 23509
What are the prime factors of 166110741?
3, 31, 595379
What are the prime factors of 138954902?
2, 69477451
List the prime factors of 6106027224.
2, 3, 11, 17, 223, 6101
List the prime factors of 176940239.
7, 25277177
List the prime factors of 43979650.
2, 5, 11, 13, 6151
What are the prime factors of 181289925?
3, 5, 19, 42407
List the prime factors of 46682192.
2, 2917637
List the prime factors of 63258417.
3, 113, 62201
What are the prime factors of 1103273331?
3, 71, 149, 34763
What are the prime factors of 4665924777?
3, 1555308259
What are the prime factors of 6343215690?
2, 3, 5, 7, 2053, 14713
What are the prime factors of 88661455?
5, 131, 223, 607
What are the prime factors of 218750692?
2, 313, 174721
What are the prime factors of 3964782816?
2, 3, 503, 3041
List the prime factors of 231313546.
2, 233, 496381
List the prime factors of 7054606160.
2, 5, 7, 127, 281, 353
List the prime factors of 46